3). Suppose -5*d + 97 = -5*f - 433, -4*d = -2*f - l. Calculate the remainder when d is divided by (34 - -4) + (-6)/2.
33
Let u be (-2 + 41)*(0 + 1). Let t = u - -4. What is the remainder when 0 - -139 - ((-3168)/(-24))/12 is divided by t?
42
What is the remainder when 104 is divided by -1 + (-147)/(-6) + 9/6 + 6?
11
Let p(z) = -27*z**3 - 2*z**2 - z. Let d(a) = -73*a - 78. Let n be d(10). What is the remainder when (n/(-16))/((-3)/(-6)) is divided by p(-1)?
23
Suppose b + 5 = 0, -3*c = -4*b + 3*b - 59. Let y be c/(-1 - 2) + -3. What is the remainder when (-110)/(-4) - (y/(-6) + -1) is divided by 14?
13
Let z be (-6)/(-16) - (-1000)/64. Suppose 4*t - 2*u - 14 = 0, -10*t + 13*t - z = -4*u. Suppose t*j = -93 + 1005. What is the remainder when j is divided by 23?
21
Suppose 0 = 4*k - 26*d - 80 - 150, 0 = 3*k + 4*d - 8. Let y be (-2)/4 - (-242)/4. What is the remainder when (y + 1*-1)/1 is divided by k?
11
Suppose 24*l = 144460 - 139228. What is the remainder when 1296 is divided by l?
206
Let l = 8494 - 7460. Calculate the remainder when l is divided by 16.
10
Suppose -7*r + 14 + 14 = 0. Suppose -5*n - 270 + 97 = -r*j, 3*n = -j + 22. Calculate the remainder when 137 is divided by j.
26
Let r = 295 + -279. What is the remainder when 6/(-64)*-8 - 669/(-4) is divided by r?
8
Suppose 5804 = 2*r - x, 10*r - 3*x - 8703 = 7*r. Calculate the remainder when r is divided by 28.
19
Let g = 805 - 465. Suppose 2*q - g = -2*a, -q + 4*a = 4*q - 823. What is the remainder when q is divided by 57?
53
Let r(k) = -k**3 - 10*k**2 + 2. Let g be r(-10). Suppose -82 = g*a - 4*a. What is the remainder when a is divided by 7?
6
Let r(y) be the first derivative of -y**3/3 + 13*y**2/2 + 36*y + 13. Let v be r(15). Let c(w) = -w + 20. Calculate the remainder when 39 is divided by c(v).
11
Suppose -165*k - 112*k = -44320. What is the remainder when 12799 is divided by k?
159
Suppose 16*b = 36*b + 49*b - 4968. Calculate the remainder when 193 is divided by b.
49
Suppose 241*s - 61*s = 7200. What is the remainder when 87 is divided by s?
7
Let f = 15 - -5. Let n be 21/(-42) + 18/4. Suppose 0 = -3*q - 3*l + 183, 4*q + n*l = 5*q - 41. Calculate the remainder when q is divided by f.
17
Let k(d) = -2*d**2 - 77*d - 94. Calculate the remainder when k(-13) is divided by 108.
29
Let l = -15188 - -15950. Calculate the remainder when l is divided by 173.
70
What is the remainder when 1 + (-8 - 6) + 60 is divided by 23?
1
Suppose 0 = 5*i - 15, -4*o + 7*i - 8*i = -735. Calculate the remainder when o is divided by 92/(-2)*(-7)/7.
45
Let f = 1059 - 1050. What is the remainder when -2*(57/(-6) + 3) is divided by f?
4
Suppose -6*m + 510 = -558. Let x = -70 + 90. What is the remainder when m is divided by x?
18
Suppose -3*t = -11*k + 14*k, 3*t + 40 = 5*k. Suppose u = -2*u - 3, -u = -4*f + 469. Suppose -168 - f = -k*m. What is the remainder when m is divided by 20?
17
Suppose -3*i + 152 = -22. Suppose 4*g + 6 = 4*f + 46, -5*g + 3*f = -i. Calculate the remainder when 237 is divided by g.
13
Let c(j) = -6*j**2 - j - 1. Let t be c(1). Let x be (10/t)/(-5) + (-205)/4. Let u = x + 65. What is the remainder when u is divided by 8?
6
Let z(w) = -26*w - 1153. Calculate the remainder when 267 is divided by z(-45).
12
Let a = -158 - -162. Calculate the remainder when 2/6 + 110/3 is divided by 1/4 - (3 - 63/a).
11
Suppose -2*a = -4*a + q + 390, -228 = -a - 5*q. What is the remainder when 1977 is divided by a?
195
Suppose -7*a + 100 + 208 = 0. Suppose v - 5*w = -5, 0 = -42*v + a*v + 5*w - 65. Calculate the remainder when v is divided by 11.
9
Suppose 15*d = -13*d. Suppose -6*o + 110 + 76 = d. What is the remainder when 183 is divided by o?
28
Suppose -z + 122 = 1420*s - 1416*s, -4*z = 3*s - 449. Suppose -3*q + 18 = 3*h, -4*q = 3*h - 4 - 13. Calculate the remainder when z is divided by h.
5
Let r(k) be the third derivative of 0*k + 11 - 13/24*k**4 + 1/6*k**3 - k**2. Calculate the remainder when 37 is divided by r(-1).
9
Suppose 30 = 5*k - 25. Suppose 25*s - 1820 = k*s. What is the remainder when s is divided by 19?
16
Let u = -27705 + 28258. Calculate the remainder when u is divided by 158.
79
Suppose 4*b = -17 - 3, 4*f = -5*b + 7. Suppose 0 = 13*x - f*x - 305. Calculate the remainder when 111 is divided by x.
50
Let c = 1164 - 1090. What is the remainder when 217 is divided by c?
69
Let m(d) = d + 12. Let a be (-3)/(((-81)/66)/9). Let k = a + -15. Calculate the remainder when m(0) is divided by k.
5
Let d = 23007 - 22990. What is the remainder when 137 is divided by d?
1
Let o(t) = t**2 - 2*t + 10. Let g(b) = -2*b**2 - 26*b - 6. Let c be g(-13). Let k be (-18)/27 + (-4)/c. Calculate the remainder when 39 is divided by o(k).
9
Let l = -161 + 290. Let w(y) = -89*y - 311. Calculate the remainder when l is divided by w(-4).
39
Suppose 0 = 5*y - 8*y - 33. Let q(d) = -d**2 - 7*d + 92. Calculate the remainder when 97 is divided by q(y).
1
Suppose -2*s = -3*s + 5*d + 40, 0 = 5*s - 2*d - 85. Suppose -10*n + s*n - 90 = 0. Let p(y) = 4*y. What is the remainder when n is divided by p(1)?
2
What is the remainder when (-57)/38 + 9/6 - -2023 is divided by 25?
23
Suppose 3*d - 21 = -0*d. Suppose -3*n - 20 = -d*n. Suppose -o = 3*f + f - 40, 0 = n*f + 3*o - 57. What is the remainder when 32 is divided by f?
5
Suppose 12*b - 60 = -8*b. Suppose 32*s - 27 = -2*k + 35*s, b = k + 2*s. Suppose 0 = -5*m + 105 + 25. Calculate the remainder when m is divided by k.
8
Suppose -25*v + 9041 = 316. Suppose -19 = -16*q + v. Calculate the remainder when 49 is divided by q.
3
Suppose 0*b - 24 = 12*b. Let z be -2 - b - (-3 - 1). Suppose -8 - 84 = -z*g. What is the remainder when 44 is divided by g?
21
Let q(g) = -4*g - 37. Let f be q(-10). Suppose -2*d + f*d + 22 = 5*z, 2*z = -d + 13. Calculate the remainder when 8 is divided by d.
2
Let m = -2405 + 2480. Suppose -90 = -2*z - 0*w + 4*w, 4*z - 145 = w. What is the remainder when m is divided by z?
5
Let s(u) = -3*u**2 - 32*u + 14. Let r be s(-11). What is the remainder when 152 + r*1*28/21 is divided by 42?
30
Suppose -2*g + 78 = g + 3*a, 0 = -g - 3*a + 36. Let n be (-1 - (-1)/(-2))*44. What is the remainder when (-2)/(-6) - 5324/n is divided by g?
18
Let i = -6180 - -6249. What is the remainder when 2274 is divided by i?
66
Let r = 3 + 3. Let v = 18 + r. Let n = 1392 - 1384. Calculate the remainder when v is divided by n.
0
Let u be (4/(-6))/2*(-531)/(-3). Let k = u + 61. Suppose 0 = -k*z + 1 + 13. What is the remainder when 39 is divided by z?
4
Suppose 5*s + 2*x = 472, 5*s + x - 95 = 371. What is the remainder when 1194 is divided by s?
90
Let f = -147 + 270. Suppose 5*p + 20 = 60. What is the remainder when f is divided by p?
3
Let u be (90/12)/((-3)/(-4)). Suppose 0 = 4*d - 18 - u. Suppose 2*c - d*c = -120. Calculate the remainder when c is divided by 14.
10
What is the remainder when 648/4 - (39 - 26) is divided by 19?
16
Suppose -o = -86 + 82. Suppose -2*w - n - 1 = 0, 2*w + n + 21 = -o*n. Let p = 7 - 2. What is the remainder when p is divided by w?
1
Let h(t) be the first derivative of -t**4/4 - 14*t**3/3 - 7*t**2 - 9*t - 103. Calculate the remainder when 91 is divided by h(-13).
3
Let u = 12 + 146. Let n = u - 122. What is the remainder when n is divided by 22?
14
Let u(t) = t**3 + 9*t**2 + 11*t + 3. Let h(m) = m**2 + 9*m + 7. Let o be h(-7). Let z = -77 + 83. Calculate the remainder when u(o) is divided by z.
0
Let b(n) = 17*n - 17. Let r be b(1). Let m(v) = v**3 - v**2 - 8*v + 170. What is the remainder when m(r) is divided by 43?
41
Suppose -1630 = -5*z + 38*u - 33*u, 3*u + 18 = 0. What is the remainder when z is divided by 67?
52
Let h(m) = -1 + 0 + 19*m - 22*m. Let i be h(-3). Suppose -40 = -2*x + 4*l - 7*l, -2*l = -i. Calculate the remainder when 41 is divided by x.
13
Suppose -2*v = 5*l + 17, 6*v - 3*v = l. Let b be (-2)/5 - l - (-6)/15. Suppose j + 4*j + 62 = 3*u, -2 = -u - b*j. What is the remainder when 41 is divided by u?
13
Let h = 3921 + -2319. Calculate the remainder when h is divided by 15.
12
Let q = 9507 + -9469. Calculate the remainder when 1557 is divided by q.
37
Suppose -12 = -2*w + 4. Let z(k) = 35*k - w + 0 - 8*k - 17*k. Calculate the remainder when z(3) is divided by 9.
4
Suppose -n + 2*u + 58 = 0, 0 = 61*n - 56*n + 3*u - 316. Calculate the remainder when 43